45764 is divided by 17420?
1884
What is the remainder when 43829 is divided by 19?
15
What is the remainder when 3211281 is divided by 1229?
1133
What is the remainder when 5282768 is divided by 92680?
8
What is the remainder when 120800043 is divided by 20133337?
21
Calculate the remainder when 78719412 is divided by 15.
12
Calculate the remainder when 5265045 is divided by 2632502.
41
Calculate the remainder when 10352447 is divided by 2070486.
17
What is the remainder when 35817 is divided by 4940?
1237
What is the remainder when 2878954 is divided by 1849?
61
What is the remainder when 12369097 is divided by 2652?
169
Calculate the remainder when 214298 is divided by 207490.
6808
What is the remainder when 454082 is divided by 2719?
9
What is the remainder when 188552 is divided by 47066?
288
Calculate the remainder when 2544578 is divided by 551.
60
What is the remainder when 229967 is divided by 557?
483
Calculate the remainder when 258014 is divided by 4.
2
What is the remainder when 16356899 is divided by 91?
13
Calculate the remainder when 5033770 is divided by 22777.
53
What is the remainder when 106328149 is divided by 53164074?
1
What is the remainder when 2974815 is divided by 123948?
63
What is the remainder when 16374417 is divided by 6584?
9
Calculate the remainder when 25499015 is divided by 2751.
2747
What is the remainder when 32942297 is divided by 16471147?
3
Calculate the remainder when 42789 is divided by 7984.
2869
Calculate the remainder when 9963 is divided by 1617.
261
What is the remainder when 296886 is divided by 96758?
6612
What is the remainder when 81705935 is divided by 93807?
38
Calculate the remainder when 418503 is divided by 301.
113
What is the remainder when 2270714 is divided by 1249?
32
Calculate the remainder when 181464 is divided by 6543.
4803
What is the remainder when 5412184 is divided by 109?
7
Calculate the remainder when 108312438 is divided by 1598.
1596
What is the remainder when 333473340 is divided by 111157773?
21
Calculate the remainder when 3186592 is divided by 344.
120
What is the remainder when 39232633 is divided by 7846505?
108
Calculate the remainder when 247431227 is divided by 2882.
2881
Calculate the remainder when 3484 is divided by 384.
28
What is the remainder when 254714 is divided by 752?
538
Calculate the remainder when 3837979 is divided by 479747.
3
What is the remainder when 2708363 is divided by 57?
8
Calculate the remainder when 875076 is divided by 124963.
335
What is the remainder when 120684562 is divided by 2772?
2770
What is the remainder when 1239356 is divided by 701?
689
Calculate the remainder when 3375518 is divided by 12.
2
Calculate the remainder when 4775889 is divided by 2387922.
45
What is the remainder when 73579 is divided by 36771?
37
What is the remainder when 11703305 is divided by 2340660?
5
Calculate the remainder when 4257281 is divided by 5730.
5621
What is the remainder when 253451 is divided by 126712?
27
Calculate the remainder when 20408 is divided by 3474.
3038
What is the remainder when 28560 is divided by 5343?
1845
Calculate the remainder when 5326719 is divided by 42957.
51
What is the remainder when 13191843 is divided by 7521?
9
What is the remainder when 7941166 is divided by 1323527?
4
Calculate the remainder when 2626894 is divided by 2975.
2944
What is the remainder when 620206 is divided by 10528?
9582
What is the remainder when 743435 is divided by 193?
192
What is the remainder when 810906922 is divided by 839?
837
Calculate the remainder when 418009 is divided by 209000.
9
What is the remainder when 12306508 is divided by 26?
6
What is the remainder when 896104 is divided by 207?
1
Calculate the remainder when 1545503 is divided by 24.
23
Calculate the remainder when 194287177 is divided by 178.
177
Calculate the remainder when 286854 is divided by 15091.
125
Calculate the remainder when 598830622 is divided by 216.
214
What is the remainder when 159957 is divided by 237?
219
What is the remainder when 4401976 is divided by 214?
210
What is the remainder when 38513424 is divided by 33?
15
What is the remainder when 35458936 is divided by 54?
52
Calculate the remainder when 328272 is divided by 74.
8
Calculate the remainder when 45275774 is divided by 7575.
7574
Calculate the remainder when 11670737 is divided by 34.
33
What is the remainder when 628671 is divided by 69851?
12
What is the remainder when 874510 is divided by 3169?
3035
Calculate the remainder when 282381 is divided by 141097.
187
What is the remainder when 1863981 is divided by 11365?
121
Calculate the remainder when 1220140 is divided by 42.
40
Calculate the remainder when 47233 is divided by 15572.
517
What is the remainder when 807911 is divided by 49?
48
Calculate the remainder when 2136 is divided by 23.
20
What is the remainder when 1663219 is divided by 25200?
19
What is the remainder when 196647 is divided by 15?
12
Calculate the remainder when 1839303 is divided by 129.
21
Calculate the remainder when 2524000 is divided by 448.
416
Calculate the remainder when 35018 is divided by 392.
130
Calculate the remainder when 32797382 is divided by 71.
68
Calculate the remainder when 2583354 is divided by 38552.
370
What is the remainder when 32278 is divided by 30610?
1668
What is the remainder when 895169 is divided by 3624?
41
What is the remainder when 10760 is divided by 929?
541
What is the remainder when 556703 is divided by 32746?
21
What is the remainder when 1786396 is divided by 119084?
136
What is the remainder when 24206 is divided by 7085?
2951
Calculate the remainder when 193622 is divided by 1476.
266
Calculate the remainder when 27767260 is divided by 1069.
1054
What is the remainder when 2493877 is divided by 124?
113
Calculate the remainder when 3374056 is divided by 374894.
10
Calculate the remainder when 30690740 is divided by 84.
80
What is the remainder when 132308 is divided by 318?
20
Calculate the remainder when 59028 is divided by 45.
33
What is the remainder when 7620320 is divided by 2768?
16
What is the remainder when 9504750 is divided by 365563?
112
Calculate the remainder when 19810439 is divided by 990521.
19
Calculate the remainder when 2119194 is divided by 423838.
4
What is the remainder when 33640119 is divided by 6?
3
What is the remainder when 15440141 is divided by 480?
461
Calculate the remainder when 22988713 is divided by 4597741.
8
Calculate the remainder when 589841 is divided by 3227.
2527
Calculate the remainder when 42515 is divided by 1288.
11
What is the remainder when 18093324 is divided by 116?
108
What is the remainder when 16828997 is divided by 8414493?
11
What is the remainder when 10029 is divided by 551?
111
What is the remainder when 97040 is divided by 1701?
83
What is the remainder when 15417 is divided by 3296?
2233
What is the remainder when 227991044 is divided by 1199?
1194
What is the remainder when 193145 is divided by 805?
750
Calculate the remainder when 28662832 is divided by 212.
8
What is the remainder when 1390411 is divided by 28?
15
What is the remainder when 849523 is divided by 64?
51
What is the remainder when 8386348 is divided by 350?
348
Calculate the remainder when 2928773 is divided by 395.
243
What is the remainder when 2305678 is divided by 164690?
18
What is the remainder when 178791 is divided by 719?
479
Calculate the remainder when 894387 is divided by 543.
66
Calculate the remainder when 36629 is divided by 5327.
4667
Calculate the remainder when 1048514 is divided by 4351.
4274
Calculate the remainder when 5846801 is divided by 205.
201
What is the remainder when 25505419 is divided by 76?
47
Calculate the remainder when 12679025 is divided by 21345.
95
What is the remainder when 5189661 is divided by 2322?
2313
Calculate the remainder when 1474959 is divided by 296.
287
Calculate the remainder when 281248 is divided by 279510.
1738
Calculate the remainder when 327515 is divided by 108297.
2624
Calculate the remainder when 826635 is divided by 3042.
2253
What is the remainder when 254669886 is divided by 109?
106
What is the remainder when 590248 is divided by 526?
76
Calculate the remainder when 5269604 is divided by 55.
54
What is the remainder when 1003876 is di